450. Suppose 0 = -2*x - 3*x + t. Suppose 8*m - 20 = 6*m. What is the highest common factor of x and m?
10
Suppose -21 = -4*c + 19. Let z = 3 + 22. What is the greatest common factor of z and c?
5
Suppose 6*c = 2*c - 80. Let l = 5 - c. What is the greatest common factor of 75 and l?
25
Suppose 8*i + 6 - 1574 = 0. What is the greatest common divisor of i and 28?
28
Suppose -b + 6 = 2*b. Let p(w) = 10*w**b + 0 - 1 + 1. Let r be p(1). What is the highest common factor of 25 and r?
5
Let k be -3 + 3 - (-8)/4. Suppose 0 = 6*t - k*t - 40. Calculate the greatest common factor of 90 and t.
10
Let g(f) = 83*f + 1. Let z be g(1). What is the greatest common factor of 12 and z?
12
Suppose n - 2*d = 75, 8*n = 3*n + 3*d + 389. Suppose -177 = -4*u + n. Let w(a) = 4*a**2. Let r be w(-2). Calculate the greatest common factor of r and u.
16
Let a = 21 - 12. Let o be (0 + a)*(-22)/(-33). Calculate the greatest common divisor of 6 and o.
6
Let n be (36/14)/(4/56). Let o be (0 - 6)/(3/(-2)). Let k(t) = t**3 - 2*t**2 - 5*t - 3. Let j be k(o). What is the greatest common factor of n and j?
9
Let m be 64/6 + 2/(-3). Suppose 4*t = -t + 150. Calculate the highest common factor of m and t.
10
Let q = -2 + 5. Suppose 5*y + 24 = q*r, 5*r + 3*y - 2*y - 40 = 0. Calculate the greatest common factor of r and 2.
2
Suppose 0 = -3*o + 60 + 45. Suppose 5*d + 3*c - 203 = 6*c, -d = -2*c - o. Let x = d + -24. Calculate the highest common divisor of x and 38.
19
Let k be (-6)/(-12)*(-22)/1. Let c = k - -16. Suppose -z + 0*a + 4 = -a, 0 = 4*z - c*a - 18. Calculate the highest common divisor of z and 6.
2
Let m = 8 - 4. Let g be m/(16/(-21))*-8. Let a = 62 - 34. What is the highest common factor of g and a?
14
Suppose 2*a - 12 = -2. Let f be (5/(-25))/(9/(-225)). Calculate the greatest common factor of f and a.
5
Let t(p) = -12*p - 3. Let f be t(-5). Suppose 0 = -x + 14 + 24. Calculate the greatest common factor of f and x.
19
Let g(h) be the third derivative of h**5/60 + h**4/4 + h**3/2 + 2*h**2. Let i = -9 - -2. Let d be g(i). What is the highest common divisor of d and 40?
10
Let v(k) = -6*k - 2. Let y be v(-2). Let w = 83 - 59. Suppose -w = -2*q + 176. What is the highest common divisor of q and y?
10
Suppose -2*u - 470 = -5*v + u, 4*v - 3*u = 379. Calculate the highest common divisor of v and 13.
13
Let f(x) = 6*x - 3. Let r(y) = 0*y + 4*y - 1 - 2*y. Let a(h) = -6*f(h) + 17*r(h). Let o be a(-6). Calculate the greatest common divisor of 52 and o.
13
Let n be (1 + 5/10)/((-3)/(-4)). What is the highest common divisor of 2 and n?
2
Suppose 0 = -0*m - 5*m + 55. Let w be 6/(-8) - 395/(-20). Let t = w - m. Calculate the highest common divisor of t and 12.
4
Let p(i) = -42*i. Let n be p(-3). Let g be -3 + 1/(1/8). Suppose -x + 30 = 3*h, 52 = 4*x + g*h - 40. Calculate the greatest common divisor of n and x.
18
Suppose 13*m - 120 = m. What is the highest common divisor of m and 35?
5
Suppose -4*f - 14 = -2*x - 44, 3*x + 36 = 5*f. Let q be 1/(0 + (-4)/4). Let l = f + q. What is the highest common divisor of l and 8?
8
Let v(d) = -d**3 + d + 1. Let z(r) = 4*r**3 - 4*r**2 - 3*r - 9. Let c(p) = 6*v(p) + z(p). Let h be c(-4). Calculate the greatest common divisor of h and 7.
7
Let j be (2/4)/((-1)/(-4)). Let r(i) = 13*i**2 + 2*i - 2. Let z be r(j). Suppose 3*s = -12 + z. Calculate the greatest common divisor of 70 and s.
14
Let f be (-4)/(-3) - 2/6. Let r = 7 - -3. Let m be 85/r*(3 - f). What is the highest common divisor of m and 170?
17
Suppose -3*c = -60 - 6. Let p be -1 + 1 + 1 - -65. Calculate the highest common divisor of c and p.
22
Suppose 2*c - 81 - 51 = 0. What is the highest common factor of 44 and c?
22
Suppose -4*j - 84 = -4*s, -3*s + 5*j + 5 = -52. Calculate the highest common divisor of 24 and s.
24
Let r = -7 + 19. Suppose -2 = f - r. Suppose -3*g - 8 = -5*h, 2*h = -4*g - 3*h + 36. Calculate the greatest common factor of g and f.
2
Let p be 29*(-3)/(-9)*3. Suppose -2*y = 5*r - 190, r + 8 = 3*y + p. What is the highest common factor of r and 24?
12
Let p = -61 - -100. Suppose 5*q - p = -4. Suppose -2*u - 5*z + 90 = 0, 4*z = u - z - 15. Calculate the highest common divisor of u and q.
7
Suppose -5*p - p = -234. Calculate the greatest common divisor of p and 13.
13
Let f(b) = -9*b - 14. Let l be f(-6). Let k = l + -32. Suppose 0 = -3*w - 2*w + 440. What is the highest common factor of w and k?
8
Let t be (-6)/((5/6)/(-5)). Suppose 0 = -r - x + t, 34 = -0*r + r - x. Calculate the greatest common divisor of r and 7.
7
Let k(t) = t**2 - 13*t - 9. Let u be k(14). Suppose 2*m = -13 + 123. What is the greatest common factor of u and m?
5
Let m(u) = -u**3 - 8*u**2 + 11*u + 20. Let v be m(-9). Calculate the highest common factor of v and 22.
2
Let v be (0 + -2)/(1/(-1)). Suppose v*p - 5*p = -165. Calculate the greatest common factor of p and 11.
11
Let s be 384/21 + (-4)/14. Let l(f) = 9*f. Let u be (-4 + 0)*1/(-2). Let g be l(u). What is the greatest common factor of g and s?
18
Suppose -6*w + 74 = 26. What is the highest common divisor of 72 and w?
8
Suppose -214 = -6*z - 76. Calculate the greatest common factor of z and 92.
23
Let k = 61 - 49. What is the greatest common divisor of k and 84?
12
Suppose 0 = -3*c + 3, 3*q + 3*c = 2*q - 19. Let w be (-561)/q + 2/4. What is the greatest common divisor of 26 and w?
26
Let l be 69 + 0 + (-2 - -1). Suppose -4*q + l = -600. Suppose d - 157 = -3*j, 0*d + d + q = 3*j. What is the highest common factor of 6 and j?
6
Suppose k - 17 - 71 = 0. Calculate the greatest common divisor of k and 11.
11
Let z(s) = s**2 - 8*s - 12. Suppose -2*w - 4 + 24 = 0. Let j be z(w). Calculate the highest common divisor of 64 and j.
8
Suppose -41 = 4*n - 341. What is the highest common factor of 15 and n?
15
Suppose -i = -13 - 0. Suppose -5*l + 3 = i. Let c be 51 - l/(1/(-1)). Calculate the highest common divisor of c and 7.
7
Let x = 52 - 33. Let i be ((-1)/(-3))/(2/18). Let q be 38/i*(-48)/(-4). Calculate the highest common divisor of x and q.
19
Suppose 1427 = 6*o + 251. What is the greatest common factor of 28 and o?
28
Let n be (-40)/(-6)*3/2. Suppose 0*v - 3*v + 4*w + 37 = 0, 3*v - 49 = -2*w. What is the highest common divisor of n and v?
5
Suppose 2 = 2*w - 0*t + 2*t, w - 5*t = 7. Let j be 1/w - (-570)/4. Suppose 3*a = -2*a + 65. What is the greatest common factor of j and a?
13
Suppose 0 = -7*z + 3*z + 16. Suppose 0 = -z*j + 18 + 14. Let i(b) = -b**2 + 11*b + 1. Let f be i(j). Calculate the greatest common divisor of f and 10.
5
Let s(f) = f**2 + 9*f - 6. Let i be s(-10). Suppose -d = -2*q - 27, i*d - q - 14 = 115. What is the highest common factor of 11 and d?
11
Let k(p) = 6*p - 1. Let u be k(2). Calculate the greatest common divisor of u and 77.
11
Let i be (1/(-2)*-10)/((-6)/(-36)). What is the highest common divisor of i and 20?
10
Let t(x) = 2*x + 1 - 5*x**3 + 4*x**2 + 0*x**3 + 0*x**2 - 2*x**2. Let k be t(-1). Calculate the highest common divisor of k and 30.
6
Let n(x) = x**2 - 4*x + 8. Let d be n(6). Suppose -d = 2*w - 60. Let o(f) = 3*f - 28. Let t be o(12). Calculate the greatest common factor of t and w.
4
Suppose 0 = 3*b + 6 + 18. Let m = b - -12. Suppose z + m = q - 7, q = -5*z + 35. Calculate the greatest common factor of q and 135.
15
Let g(c) = 4*c**2 - c. Let l be g(2). Calculate the greatest common factor of 7 and l.
7
Suppose 3*q = -q + 60. Let v = q - 10. Let h be (v/((-15)/54))/(-2). Calculate the greatest common factor of h and 36.
9
Let q(f) = 1 + 8 + f + 2. Let z be q(-8). Suppose -z*g + 0*g = -24. What is the greatest common factor of 20 and g?
4
Let y be (-18)/(0 - -3)*-24. What is the highest common factor of 18 and y?
18
Let r(m) = -m + 2. Let x be r(-1). What is the highest common divisor of x and 21?
3
Let d be (0 + 4)*4/1. Let p be (60/d)/(6/16). What is the greatest common divisor of p and 40?
10
Let p be ((-6)/(-18))/(2/6). Calculate the highest common divisor of p and 11.
1
Let f(v) = -25*v - 10. Let j be f(-5). Calculate the highest common factor of 23 and j.
23
Suppose 0 = -2*b - 3*b. Suppose b = 4*j - 13 - 63. Let y be 858/9 - (-1)/(-3). What is the highest common divisor of j and y?
19
Suppose -6 = 4*z - 7*z. Let t(c) = 3*c**2 + 2*c + 1. Let s be t(-4). Suppose -11 + s = 5*g. What is the greatest common factor of z and